e highest common divisor of 22 and y.
11
Let t = 1040 + -280. Calculate the highest common factor of 40 and t.
40
Suppose -x = -4*x - 2*c + 11, 0 = -4*x + c. Let i be -15*(x + -3) + 2. What is the highest common divisor of i and 16?
16
Let f be (-11 - (-376)/24)*6/7. Calculate the greatest common divisor of 4 and f.
4
Let m = 128 - -136. Let i = -41 - -65. Calculate the greatest common divisor of i and m.
24
Let w = -475 + 1245. Let s be -2 - 7/(-4) - w/(-8). What is the highest common divisor of s and 64?
32
Let o = 130 - -44. Suppose -7*n + 3*n + o = -3*u, -2*u = n - 38. Let f = -848 - -862. What is the highest common factor of f and n?
14
Let x be (136 - 4)/((-9)/(-6)). Let q = 148 - x. Calculate the greatest common factor of q and 15.
15
Let k(d) = 101*d**2 + 12*d + 20. Let x be k(-2). What is the highest common factor of 32 and x?
16
Suppose -d - 4*d + 10 = 0. Suppose -5*u - 2*m + 42 = 0, -d*u = -m + 17 - 41. Calculate the greatest common divisor of 15 and u.
5
Suppose -128 = 33*r - 41*r. What is the highest common factor of 104 and r?
8
Let a be 8190/48 + (-24)/(-64). What is the highest common factor of a and 76?
19
Let u be (-5 - 16/(-3))*-3 + 43. What is the highest common factor of 294 and u?
42
Suppose 0 = 4*u + 3*u - 14. Suppose -344 = -5*p - u*x, -5*x + 7 - 92 = -p. What is the greatest common factor of p and 28?
14
Suppose -55 = -5*z + 105. What is the highest common factor of 112 and z?
16
Let n = -64 - -62. Let z be (-24)/(-8) - (-256 + n). Calculate the greatest common divisor of z and 29.
29
Suppose 8 = 2*d, 6*n - 5*n - 4*d - 236 = 0. Calculate the greatest common factor of 12 and n.
12
Let v(w) = -w + 1. Let p be v(-5). Suppose 0 = 29*t - 25*t - 32. Suppose -n - 2*k + t = 0, 0*n + 5*k = 5*n + 5. Calculate the highest common factor of p and n.
2
Let y = 9 + -3. Suppose 2*s + 554 = 4*g, -5*s + 295 = -4*g + y*g. Let l be (21/(-4))/(27/(-144)). What is the highest common factor of g and l?
28
Suppose 17*u - 476 = -0*u. What is the greatest common divisor of 154 and u?
14
Let l(c) = -3*c - 7. Let j be l(-21). Let n be j/(-3)*18/(-21). Suppose 3*v - 6*v + 24 = 3*b, 5*b - 40 = v. Calculate the greatest common divisor of n and b.
8
Suppose h = -2, h - 25 = -2*b - b. Let c be (-141)/(-117)*b + (-2)/(-13). Calculate the highest common factor of 121 and c.
11
Suppose -3*x + 9 = -0. Suppose -3*f = -5*l - 88, -3*f + 0*f - x*l + 48 = 0. What is the greatest common divisor of f and 14?
7
Suppose 37*p - 1008 = 19*p. Calculate the greatest common divisor of 16 and p.
8
Let l = 17 + -8. Suppose -126 - 109 = 5*a. Let y = a - -110. What is the greatest common divisor of l and y?
9
Let q be (13 - 10) + 34 + -1. Let z = q - 33. Suppose 0 = -z*r + 110 - 11. Calculate the greatest common divisor of 3 and r.
3
Let t(g) = -2*g**3 + 4*g**2 + 20*g + 36. Let x be t(-3). Suppose -4*o + o + 3*s = -138, -2*o = -4*s - 96. Calculate the greatest common factor of x and o.
22
Suppose -171*t = -176*t + 195. Calculate the greatest common divisor of t and 273.
39
Let x(t) = t**2 - 15*t + 15. Let j be x(15). Let y be j*((-16)/12 + 3). Calculate the highest common factor of y and 10.
5
Suppose -1539 = -16*y + 13*y. What is the highest common factor of 27 and y?
27
Suppose -91*n = -113*n + 1276. What is the highest common divisor of n and 551?
29
Suppose 4*n - 5*s = 98, 3*n + 2*s - 84 - 1 = 0. What is the greatest common divisor of 216 and n?
27
Suppose 3*j + 15 = 0, -3*j - 10 = -3*o - j. Suppose w = 12 - o. What is the highest common divisor of w and 84?
12
Let j(k) = 16*k - 106. Let y be j(7). Calculate the greatest common factor of y and 4.
2
Suppose -4*o + 38 = -2*x + 4098, -o = -x + 2025. Calculate the greatest common divisor of x and 40.
20
Let q(x) = 30*x. Let n be q(1). Suppose -m = u - 8, n = 3*u + m + 12. Suppose -u*s + 15 = -45. Calculate the highest common divisor of 8 and s.
4
Suppose -2*z = -76 + 60. What is the highest common divisor of 56 and z?
8
Let k = 39 + -20. Suppose -3*z + 441 = 3*m, 0 = 3*m - m + 5*z - 279. Calculate the highest common factor of k and m.
19
Let r = 26 - 10. Suppose 18*m = 516 + 60. What is the highest common factor of r and m?
16
Let s(w) = 2*w**2 - 12*w - 59. Let z be s(-5). Calculate the highest common divisor of 578 and z.
17
Let k = 40 - 60. Let s = k + 35. Let y = -3 + s. What is the greatest common factor of 84 and y?
12
Suppose 2*g = 6*g. Suppose -17 = -2*r - 1. Let b be (g + -10)*(-4)/r. Calculate the highest common divisor of 40 and b.
5
Suppose -58*y + 15*y + 7869 = 0. Calculate the greatest common divisor of 793 and y.
61
Let u(j) = -23*j**3 + 3*j**2 - 2*j - 5. Let t be u(-2). Calculate the greatest common divisor of 30 and t.
15
Let r(v) be the first derivative of v**4/4 + v**3 - v**2/2 + 4. Let a be r(2). What is the greatest common divisor of a and 18?
18
Let m(b) = -2*b**2 + 32*b - 19. Let h be m(15). Calculate the greatest common divisor of 66 and h.
11
Suppose l = -5 + 8. Suppose 0 = l*x + 2*x - 240. What is the greatest common divisor of x and 36?
12
Let m = 354 + -343. Let q be (-1082)/(-14) + 2/(-7). Let x be q + (2 - (-1 + 3)). Calculate the highest common divisor of m and x.
11
Let b be -2 + 0 + (22 - 0). Suppose 4384 = 35*p - 1216. Calculate the highest common divisor of b and p.
20
Suppose 4*w + 6*k - 177 = 3*k, -2*w + 5*k + 69 = 0. Let b = w + -36. What is the highest common divisor of 24 and b?
6
Suppose 3*m + 5*j = 114, 2*m + 2*j + 178 = 6*m. Suppose -4*l + m = -1. Let i = 31 - l. Calculate the highest common factor of i and 4.
4
Let v be 3/6 + 3858/12 - 2. Calculate the highest common divisor of 20 and v.
20
Suppose -7*d + 82 + 23 = 0. Let q(u) = -u**3 + 6*u**2 + 4. Let z be q(6). Let p be 2/(-8) - (-421)/z. Calculate the highest common divisor of d and p.
15
Suppose -g - 4*g = -2*h + 79, -2*h - 5*g = -89. What is the highest common factor of h and 525?
21
Suppose 3*x + 4*d - 7 = 0, 39*d - 44*d = -4*x + 30. What is the highest common factor of 260 and x?
5
Suppose 6*a = 25*a - 950. Calculate the highest common factor of 550 and a.
50
Let q be (0 - (-16)/6)*(-27)/(-9). Calculate the highest common factor of q and 44.
4
Suppose -50*j + 396 = -39*j. Calculate the highest common factor of 156 and j.
12
Let w(h) = -17*h**2 - 86*h + 8. Let b be w(-5). Calculate the greatest common divisor of b and 13.
13
Suppose 2*q - 71 = -3*h, 5*q - 64 - 107 = -h. Let a = 68 - q. What is the greatest common divisor of 17 and a?
17
Let a be 2/(-7) + 2230/14. Let q(r) = 3*r + 19. Let i be q(21). Let m = a - i. Calculate the highest common factor of m and 7.
7
Let t(b) = 1245*b**2 - 2. Let d be t(1). What is the highest common divisor of d and 11?
11
Let c(f) = -f**3 - 2*f**2 + f + 2. Let h be 9/2*4/(-6). Let t be c(h). Let i(j) = 7*j + 7. Let w be i(t). Calculate the greatest common divisor of w and 9.
9
Suppose 0 = v - 0*v - 3. Suppose -f + 0 = v. Let b be (-3)/9 + (-7)/f. Calculate the highest common divisor of b and 5.
1
Suppose 0 = 6*f - 1183 - 575. Suppose 4*s + 5*m - 379 = 0, -5*s + 776 = -3*m + f. Calculate the highest common factor of s and 6.
6
Suppose 10*i = 55 + 105. What is the highest common factor of i and 28?
4
Suppose 0 = -q - 2*i + 52, 5 - 15 = 5*i. Let v = -107 + 135. What is the greatest common factor of q and v?
28
Let g(y) = y**2 + 43*y - 2. Let s be g(2). What is the greatest common factor of s and 660?
44
Suppose -14*l + 1222 + 108 = 0. What is the highest common divisor of 76 and l?
19
Let c be (-1 - (-315)/6)*2. Let d be 3230/(-20)*(-1 - 1). Suppose -4*h = c - d. Calculate the greatest common factor of h and 5.
5
Let z be (-3)/1 - (-39 - -28). Let x = 5 - 2. Suppose 0*s = x*s - 24. What is the highest common divisor of s and z?
8
Suppose 125*w - 121*w = 128. Let l be (-2)/(21/12 - 2). Calculate the greatest common divisor of w and l.
8
Suppose 0 = -26*r + 22*r + 64. Let u be 4/5 + -12*(-20)/75. What is the highest common factor of u and r?
4
Suppose 9*f + 43*f - 4420 = 0. Calculate the greatest common divisor of 323 and f.
17
Suppose -37*h + 53*h - 4080 = 0. Calculate the highest common factor of h and 15.
15
Let q be (-1)/8 + 33175/(-200). Let z = 355 + q. What is the greatest common divisor of 7 and z?
7
Suppose -q + 3*t + 2*t - 18 = 0, -9 = 5*q + 2*t. Let w(a) = a + 8. Let c be w(q). Calc